he highest common factor of h and a?
8
Let q(h) = -h + 8. Let i be 2/(-3 - (-125)/40). Suppose 2*f + f - i = o, 0 = 2*o - 10. Let j be q(f). Calculate the greatest common divisor of 3 and j.
1
Suppose -4*g - 2*j + 13734 = 0, -j = 115 - 120. What is the highest common divisor of 146 and g?
73
Let x(c) = 2*c**2 - 13*c - 104. Let s be x(-51). Calculate the greatest common divisor of s and 7.
7
Let a = -6 - -24. Suppose 3*h - 22 = 4*f + 9, -3*f = h + 7. Suppose h*t + 5 = 6*t, l + 2*t = 37. What is the greatest common divisor of l and a?
9
Suppose 47*z + 2792 - 21770 = 574. Let d = -61 - -125. Calculate the greatest common factor of z and d.
32
Suppose -2*h + 22 + 26 = 0. Let m = 45 - -16. Suppose 58 - m = -t. Calculate the highest common divisor of h and t.
3
Suppose 3 = i, -2*l + 48 = 4*i + 12. Suppose l*d = d + 154. Calculate the highest common divisor of d and 7.
7
Let t be (-5)/(-15)*3 - -2. Suppose -4*p = -15 + t. Suppose p*u = -u + 60. What is the highest common factor of u and 75?
15
Let h(g) = g**3 - 6*g**2 + 11*g - 112. Let t be h(8). What is the highest common divisor of t and 910?
26
Let v be 3 + 135/(-9) + 30. What is the greatest common factor of v and 15408?
18
Let z be (-3428055)/(-1407) - 3/7. Calculate the greatest common divisor of 252 and z.
84
Let t be (-135 + 26)/(1/(-8)). Calculate the highest common factor of 1417 and t.
109
Let s(o) = 7*o - 35. Let v be s(3). Let m be (-207)/(-42) + (-1)/v. What is the highest common factor of 245 and m?
5
Let g = 25 + 108. Let a(q) = -5*q - 8. Let m be a(-3). Calculate the greatest common factor of g and m.
7
Suppose 2*b + 13 = 3*d, d - 3*d - 5*b = -15. Let w = -61 + 59. Let y be (0 - 22/w) + (-1)/1. What is the greatest common divisor of y and d?
5
Let c(p) = 3*p**3 + 5*p**2 + 20*p + 9. Let u be c(-6). Let f be u/(-39) + (-4)/(-26). Suppose -3*d = -75 - 60. Calculate the greatest common divisor of d and f.
15
Suppose -4*y = -5*m - 437, -16*y + 13*y - m + 323 = 0. Calculate the greatest common factor of 459 and y.
27
Suppose 0 = -2*z - 4*c + 392, -396 = -2*z + 222*c - 224*c. Let b be ((-32)/10)/(4/(-30)). What is the highest common factor of b and z?
8
Let y = 4040 + -2691. What is the highest common divisor of 355 and y?
71
Suppose 2*k + 326 = 5*n + 5*k, 5*n - 322 = -k. Let v = 281 - n. What is the greatest common divisor of v and 7?
7
Suppose 2*c - 5*v = 6075, -29*c + 27*c + 6045 = 5*v. Calculate the greatest common factor of 404 and c.
202
Let z(d) = -3*d + 107. Let y be z(30). Suppose a - 2 = 0, 0 = 4*l - a - a + 40. Let r be ((-102)/8)/(l/24). Calculate the greatest common divisor of y and r.
17
Let l(o) be the third derivative of o**5/60 - 7*o**4/8 + 10*o**3/3 - 4*o**2 - 2*o. Let i be l(21). Calculate the greatest common factor of i and 200.
20
Suppose -389 = -3*q + 895. Suppose -q = 9*n - 1220. Let d = 89 - n. Calculate the greatest common factor of d and 1.
1
Suppose 0 = 2*v - 0 - 16. Let l be ((2214/24)/9)/(2/v). Suppose -l + 68 = 3*m. Calculate the highest common factor of 18 and m.
9
Let y be ((-188)/(-10))/(2/675). Calculate the highest common factor of y and 135.
135
Let v(h) = 5*h + 15. Let q(d) = -8*d - 14. Let p(i) = 2*q(i) + 3*v(i). Let n be 1/((-10)/12 - -1). Let w be p(n). What is the highest common factor of w and 33?
11
Let p = 33 + -4. Suppose -1 = -3*h - 2*w + p, -3*w = -4*h + 40. What is the highest common factor of h and 20?
10
Let y be 2/(-8) + 98/8. Suppose -81*c + 16 = -73*c. Suppose 5*h = 3*s + c, 2*s + 38 = 7*s + 2*h. Calculate the highest common divisor of s and y.
6
Let y = 3162 + -2819. Calculate the highest common divisor of 63 and y.
7
Suppose -66 = -2*h + 2. Let v = h + -50. Let o = v + 24. What is the highest common factor of o and 12?
4
Suppose 85*c - 75*c - 30 = 0. Let m = 154 + -67. Calculate the greatest common factor of m and c.
3
Let m = 8 - -10. Let f = 467 - 454. Suppose f*b - 18*b + 60 = 0. What is the highest common divisor of b and m?
6
Let b(l) = 5*l + 36. Let m be b(-25). Let o = m - -180. Suppose 3*f - i = 43, f - 10 = 4*i + 19. Calculate the greatest common divisor of f and o.
13
Suppose -29 - 145 = -87*l. What is the highest common factor of l and 278?
2
Suppose -80*m - 121*m + 4928 = 247*m. Calculate the greatest common factor of m and 24574.
11
Suppose -10 = -d - 4*d. Let x(b) = b**3 + 3*b**2 + 4*b - 6. Let u be x(0). Let n be (-4)/d + u + 188. What is the greatest common factor of n and 45?
45
Let z(b) = b**2 - 2*b - 21. Let p be z(6). Let j(o) = 2*o**2 + o - o**2 + 0*o + 28*o**2. Let m be j(p). Calculate the highest common factor of 33 and m.
33
Suppose 12*g - 398 = 11*g - l, 0 = 3*g + l - 1190. Let j = -388 + g. Let b be -24*(1 - 1 - 1). What is the highest common divisor of j and b?
8
Let f(h) = -256*h + 36354. Let m be f(142). Suppose 2*z - 106 = 18. What is the greatest common factor of z and m?
2
Suppose -8*a + h + 24452 = 0, -a - 10*h + 3045 = -13*h. Calculate the greatest common divisor of 3 and a.
3
Let z be (-36)/18 - (-9 + 0). Suppose z*j - 560 = -0*j. Suppose -5*q = -5*c + 21 - 216, -3*c = 2*q - 83. What is the highest common divisor of q and j?
40
Let m(l) = -24*l - 1170. Let v be m(-81). Calculate the highest common factor of 1462 and v.
86
Suppose -7*g + 8*g = 100. Let j = -89 + g. Let k = 3 - 2. Calculate the highest common factor of j and k.
1
Suppose 40*i = 42*i + 4. Let v be 1 + i + 18 + 2 + 1. Calculate the greatest common factor of v and 6.
2
Let y(g) = 11*g**3 + 45*g**2 + g - 4. Let o be y(-4). Let n(s) = -5*s + 2. Let h be n(2). Let m be 3/((-6)/16)*h. What is the highest common divisor of o and m?
8
Let v be (96/56)/((-10)/(-35)) + 1343. Calculate the greatest common factor of 355 and v.
71
Suppose 0 = -6*a - 395 + 401. Let c be (-48)/(-6) - (a - 2). Calculate the greatest common divisor of c and 81.
9
Let g be 3 + 2/5 + 36/60. Suppose 0 = -g*u + 147 + 61. What is the greatest common factor of 26 and u?
26
Suppose k = 4, 0 = -4*c - 6*k + 3*k + 88. Suppose -4*h = -5*l - c, -2*h + 8 = 2*l - 4*l. What is the greatest common factor of 1 and h?
1
Let r(w) = -27*w + 3. Let y be r(-5). Suppose 0 = 5*v + 41 - 96, 3*g + 5*v - 17 = 4*v. Calculate the highest common factor of g and y.
2
Suppose -2*l - 78*w + 30 = -75*w, -2 = 2*l - 5*w. Calculate the greatest common divisor of l and 58.
1
Let t = -7962 + 8107. Calculate the highest common factor of 8845 and t.
145
Suppose 0 = 2*f - 12 + 32. Let p be (4/f)/(6/720). Let o be p/120 - (-194)/10. What is the highest common factor of 152 and o?
19
Let l be (-122)/(-14) - (-4)/14. Let w(i) = -159 - 8*i - i - 2*i + 2*i. Let z be w(-18). What is the greatest common divisor of z and l?
3
Suppose -3*x = 2*u - 39, -3*u + x + 51 = 3*x. Let q = -13 + u. Suppose 0 = -i + 3*w - 7, -5*i - w = q*w - 55. What is the greatest common divisor of 44 and i?
4
Let i(m) = -3*m**3 + 39*m**2 - 62*m + 4. Let g be i(11). What is the greatest common factor of g and 17664?
48
Let n(r) = 10*r**2 - 92*r + 18. Let f be n(9). Let m = 866 - 488. Suppose f = -17*j - 4 + m. What is the greatest common divisor of j and 110?
22
Let i(h) = -6*h - 97. Suppose 32 = -9*n - 139. Let j be i(n). Let g be (68/(-16))/((-1)/44). What is the greatest common factor of g and j?
17
Let p be 0/(-2)*((-37)/66 + (-2)/(-33)). Let b be (-2)/1 + 1*6. Suppose 2*i = -b, p = -j - 0*i + 2*i + 16. Calculate the greatest common divisor of 84 and j.
12
Let f = -47 + 77. Suppose 3*r = -0*b - 4*b + 428, b - 90 = -5*r. Calculate the highest common divisor of b and f.
10
Let j(d) = -3*d**2 + 120*d + 6. Let f be j(40). Suppose 0 = r + 4*t - f, 0 = 2*r - 3*t - 7 - 5. Calculate the greatest common factor of r and 138.
6
Let j be (14 + 1533/(-112))*16. Calculate the highest common factor of j and 1285.
5
Let a = 497 + -469. Let d = -1 - -7. Let b(x) = 2*x**2 - 2. Let w be b(d). What is the greatest common divisor of a and w?
14
Let j be (((-156)/(-8))/13)/(2/4). Suppose 2*k - 10 = 0, -j*h - 3*k = k - 515. Calculate the highest common divisor of h and 55.
55
Suppose o + 4 + 25 = 5*w, -4*w - o + 25 = 0. Suppose -47 = -w*k + 187. Let x = 46 + -33. Calculate the greatest common divisor of x and k.
13
Suppose 0 = 13*r + 4113 - 4269. Calculate the greatest common factor of 2004 and r.
12
Let m(a) = -7 + 9*a - 7 + 15. Let h be m(1). Let x(z) = 2*z**